 = -5*k(u) + 4*l(u). Calculate x(15).
24
Let g(z) = z + 9. Suppose 0 = 2*h - 7*h + 3*q - 58, 3*h = 5*q - 38. Let m be g(h). Let i(w) = -w - 7*w + 10*w - 2*w**2. Give i(m).
-12
Let n(t) be the third derivative of t**6/120 + 13*t**5/60 - t**4/24 - 4*t**3/3 - 3*t**2 - 10. Give n(-13).
5
Let f be (-8)/(-2) + -13 + 11. Let o(z) = -10*z**2 + 7*z - 1. Give o(f).
-27
Let a(x) = -x**3 + 5*x**2 + 4*x - 7. Let f(p) = -p**2 - 13*p - 6. Let b be f(-12). Give a(b).
-19
Let l(z) = -4*z + z + 10*z**3 + 1 + 9*z - 7*z. Suppose -3*k + 4 = -8. Suppose -a = -5*a + k. Calculate l(a).
10
Let s(t) = -76 + 720*t**2 + 3*t**3 + 75 + t - 719*t**2. Suppose -c + 16 = 5*l + c, -3*c + 1 = -4*l. Let u = l - 1. Determine s(u).
4
Let l(j) = 9*j + 30. Let w(y) = -39*y - 122. Let n(v) = 18*l(v) + 4*w(v). Determine n(-8).
4
Let l(k) = 1 - 7 + 3 - 4*k. Suppose -5*s + 180 = -0. Let r = s + -38. Give l(r).
5
Let v(k) = -2*k**2 + 2*k + 3. Let g(d) = -d**2 + 15*d - 7. Let m be g(13). Let o(y) = y**2 + y - 4. Let t be o(-5). Let r = m - t. What is v(r)?
-9
Let c(l) = -l**2 + 8*l + 6. Let i be c(8). Suppose 4*b + i = b. Let m(f) = 4 + 3*f + 4*f - 6*f + 0*f. Determine m(b).
2
Let y(n) = -105*n + 54*n + 0 - 6 + 52*n + 1. What is y(4)?
-1
Let j(k) = k. Let o = 374 - 368. What is j(o)?
6
Let s(k) = -k**2 + 8*k + 1. Let h = 27 + -21. What is s(h)?
13
Let m(i) = i**3 - 2*i + 1. Let a = -137 + 139. What is m(a)?
5
Let t(l) = -l**3 - 3*l**2 + 3. Let s(b) be the third derivative of -b**6/40 - b**5/60 + 10*b**2. Let p be s(1). What is t(p)?
19
Let u(z) = -41*z - 34 - 38 + 71. Determine u(-1).
40
Let x(m) be the first derivative of m**7/840 + m**6/180 - m**5/20 - m**4/6 + 4*m**3 - 18. Let z(b) be the third derivative of x(b). Determine z(-4).
-12
Let k(x) = x**3 - 7*x**2 - 9*x + 7. Let w(s) = -2*s**2 - 26*s + 36. Let h be w(-14). Give k(h).
-1
Let k be 80/60*(-27)/(-12). Let i(w) = w**2 - w - 4. Determine i(k).
2
Let o(m) = -m**3 - 5*m**2 + 2*m + 4. Suppose 0 = h + 5*x - 89, -2*h + 6*h = -4*x + 324. Let c = 74 - h. Calculate o(c).
-6
Let q(n) = -n**2 + 2. Let l = -49 - -74. Let i be (-10)/4*(-7 - (-155)/l). Give q(i).
-2
Let m(h) = 3*h**3 + 5*h**2 + 30*h - 18. Let s(v) = 2*v**3 + 2*v**2 + 16*v - 9. Let b(y) = -3*m(y) + 5*s(y). Determine b(6).
-15
Suppose 3*k + k = 20, 5*j + 55 = 5*k. Let g = j + 10. Let n(t) = 17*t - 9. Let h(u) = 3*u - 1. Let v(o) = -5*h(o) + n(o). Calculate v(g).
4
Let x(t) = 2*t**2 - 4*t - 2. Let v = 0 - -22. Let n = 26 - v. What is x(n)?
14
Let u(m) be the second derivative of 0 - 1/3*m**3 + 2*m**2 - 7*m. Determine u(-3).
10
Let p(r) = 29 - 30 - 4*r + 3*r. Let f(c) = -c**2 + 13*c + 8. Let x be f(13). Give p(x).
-9
Let j(m) = 10*m + 5. Let s(h) = 10*h + 4. Let w(n) = -3*j(n) + 4*s(n). Calculate w(-5).
-49
Let d(h) = h**3 + 8*h**2 + 3*h - 3. Suppose 1 = 3*q - 5*m, -m + 8 + 3 = -2*q. What is d(q)?
-27
Let m(z) = -z**2 - 3*z + 9. Let a be ((96/(-20))/(-4))/((-2)/(-10)). Suppose 0 = -4*l + a - 34. Give m(l).
-19
Suppose 0 = 2*m + 4 - 44. Suppose -10*l - m = -14*l. Let g(t) = -t**2 - 2*t - 2. Let c(a) = -2*a**2 - a - 3. Let h(z) = -2*c(z) + 3*g(z). Determine h(l).
5
Let w(i) = -3*i + 33. Let y be 10/12*-2*-6. Calculate w(y).
3
Let r(w) be the third derivative of -w**7/840 + w**6/72 + w**5/60 - w**4/4 - 5*w**3/2 - 19*w**2. Let m(l) be the first derivative of r(l). Determine m(5).
4
Let x(d) = -d**2 + 1. Let w = 42 - 32. Suppose 14 = 5*y - 4*y + 3*p, -3*y = -4*p + w. What is x(y)?
-3
Let q(a) be the second derivative of 17*a**6/720 + 11*a**4/12 + 11*a. Let n(k) be the third derivative of q(k). Give n(-1).
-17
Let l(z) = z**3 + 2*z**2 - z - 1. Let f be 2 - 0/(0 + -1). Suppose -2*t + 13 = 1. Let y be f - 5 - -6 - t. Calculate l(y).
-7
Let a(b) = 9*b**3 - 4*b**2 + 6*b - 1. Let g(n) = -n**2 + n. Let p(z) = a(z) - 6*g(z). Suppose 6*x - 5*x + 4*o = -9, 0 = -4*x - 5*o - 14. Give p(x).
-8
Let b be 2874/30 + (-8)/10. Suppose -c - 2*w + b - 2 = 0, 0 = 5*w - 15. Let l(k) = 89 - c - 10*k + 4*k. Determine l(2).
-10
Let j(n) = -n**2 - 4*n + 1. Let h(y) = -y**2 + 11*y - 18. Let l be h(8). Suppose l*q - 2*q = -4*a, -q + 4 = 2*a. Calculate j(q).
1
Let k = -1 + 2. Let a(v) = 4*v**2 - 4*v + 7*v + k - v**2. Suppose -2*p = 2*x - 2, 0*p - 4 = -p - 2*x. Calculate a(p).
7
Let a be (4/(-8)*0)/(2/2). Suppose -5*m + 18 + 22 = a. Let t(z) = -z + 11. Calculate t(m).
3
Suppose r = -1 - 7. Let i(q) = -q**2 - 9*q - 6. Let b be i(r). Let z(y) = -2*y**2 + b - 4 - 3 + 6 + y**3. Determine z(2).
1
Let b(y) be the first derivative of 55*y**4/4 + y**3/3 + y**2 + y - 87. What is b(-1)?
-55
Let s be (5 - 261/18)/((-2)/(-28)). Let n = -129 - s. Let f(w) = 2*w**2 - 6*w + 2. Give f(n).
10
Let q(y) = -5*y**2 - y - 3. Let r(f) = 7*f**2 + 3*f. Let z(s) = 3*q(s) + 2*r(s). Calculate z(0).
-9
Let y(v) = -2*v + 5. Let f be 4/(-2)*(-3 + 1) - -1. Suppose 3*o + 4*b = -4, f*b + 8 + 24 = 3*o. What is y(o)?
-3
Let l(t) be the second derivative of -t**5/20 + t**4/3 + 2*t**3/3 + 3*t**2 + 2*t - 11. What is l(5)?
1
Let q(o) = o**3 - 3*o**2 - 4*o - 1. Suppose 2*b + 7 = -11. Let y = 15 + b. Suppose -y*g = -3*g - 12. Determine q(g).
-1
Let t(x) = -x - 9. Suppose -9*g - 6*g - 180 = 0. What is t(g)?
3
Let q(h) = h**3 - 6*h**2 - 1. Suppose -x = 4*w + 12, 0 = -3*x - 0*w - 4*w - 12. Let l(g) = g**2 - g + 6. Let k be l(x). What is q(k)?
-1
Let o(v) = -v**2 - 4*v - 4. Let a(g) = -23*g - 3. Let i be a(-1). Suppose i = -4*r + 4. Determine o(r).
-4
Let k(g) = 5*g + 11. Let w(q) = q - 3. Let l be w(6). Let z(c) = -4*c - 10. Let p(t) = l*k(t) + 4*z(t). Suppose 3*n - 11 - 4 = 0. Calculate p(n).
-12
Let m(s) = -s - 4. Let j(b) = -b**3 + 6*b**2 - b + 6. Let f be j(6). Let l = -12 + f. Let u be 6/l - 9/2. Give m(u).
1
Suppose 53 = 27*t - 1. Let q(j) be the second derivative of -1/2*j**3 + 0 + t*j - j**2 + 1/12*j**4. Determine q(4).
2
Let q(m) = -2*m**3 - 2*m. Let k(i) = 7*i**3 - i**2 + 5*i + 37. Let w(n) = -k(n) - 3*q(n). What is w(0)?
-37
Let w(l) = 5*l**3 + 11*l**2 - 1. Let x(j) = -4*j**3 - 10*j**2 + 1. Suppose 2*m - 11 - 1 = 0. Let u(r) = m*x(r) + 5*w(r). Suppose 33 = 5*v + 8. What is u(v)?
1
Let v(a) be the first derivative of -a**3/3 - 2*a**2 + a + 130. Determine v(-6).
-11
Let q(j) = 86 + j**2 - 46 - 8*j - 46. Calculate q(8).
-6
Suppose 4*b + 147 = b + 3*j, -2*b - j - 83 = 0. Let i = 70 + b. Let s(y) = 7 - 4 - 1 + y - i*y**2 + 25*y**2. Calculate s(-2).
-4
Let v be -3 + 5*(-8)/(-20). Let r be (1/1)/(v/2). Let d = r + 5. Let s(w) = -3*w. What is s(d)?
-9
Let d be (-270)/108 - (-2)/(-4). Let x(g) be the first derivative of -g**3/3 - 2*g**2 - 2*g + 1. Calculate x(d).
1
Suppose 2*v = -2*d - 12, -3*v - 20 = 5*d - 0*v. Let a(b) = -3*b**3 - b**2 + 1. What is a(d)?
3
Let f(p) = p**2 + 5*p + 1. Let g(n) = n - 1 + n + 3*n**2 - 3*n. Let x be g(2). Let y = 7 - x. Calculate f(y).
-5
Suppose v - 1 + 8 = 5*a, 5*v = -4*a + 23. Let g(j) = j**3 + j**2 - 2*j - 1. Calculate g(v).
29
Let l(b) = -2 + 0*b + 4 - 10 - 3*b + 2*b. Calculate l(6).
-14
Suppose 4*y + 0 = 3*n - 2, -7 = -3*y - 2*n. Let q(g) = -y - 2*g - 2*g + 6*g - g**2. Let p(t) = t**2 - t + 2. Let i(h) = -2*p(h) - 3*q(h). What is i(3)?
-4
Let s(f) = f**2 - 3*f. Suppose -3*w + 0*w = 3*r, -5*w - 28 = -2*r. Let u be (12/3)/(-4) - w. Let m(l) = -l**2 + 4*l + 1. Let o be m(u). Determine s(o).
4
Let q(h) be the third derivative of -h**5/60 - h**4/4 + h**3/6 + 9*h**2. Let x(l) = -l + 4. Let i be x(9). Give q(i).
6
Let v(x) be the third derivative of 5/24*x**4 + 0 + 17*x**2 + 1/60*x**5 + 0*x + 1/6*x**3. Determine v(-6).
7
Let j(f) = -f**3 + 3*f**2 + f - 3. Let i be j(3). Suppose i*m = -5*m + 20. Let v(u) = 3 + 1 - u**2 + 0*u**2 + 5*u - 2. Give v(m).
6
Suppose 0*h + 5 = -3*j - h, -4*h + 1 = 5*j. Let d(a) be the second derivative of -a**4/12 - 2*a**3/3 - a**2/2 - 7*a. Give d(j).
2
Let a(k) = -k - 2. Let h(f) = -6*f + 6. Let w(v) = -2*a(v) + h(v). Give w(4).
-6
Let b(c) = -105*c + 535. Let v be b(5). Let t(p) = -p**3 + 11*p**2 - 8*p - 24. Determine t(v).
-4
Let w(b) be the second derivative of -b**4/12 - 7*b**3/6 + 9*b**2/2 - b - 99. Determine w(-10).
-21
Let l(s) = s - 5. Let q(g) = 2*g - 11. Let o(a) = -5*l(a) + 3*q(a). Calculate o(12).
4
Let l(q) be the first derivative of -11*q**4/4 - q**2/2 + q - 1. Let w be (3/(-6))/(2/(-4) - 0). Determine l(w).
-11
Suppose 3*o + 4*o = -21. Let a(m) = -m**3 - 5*m**2 - 1. What is a(o)?
-19